3*y = -15, a = -v*a + y + 45. Let h = -26 + a. Calculate the greatest common divisor of h and 21.
7
Let x(w) = 12*w + 3*w**3 + 0*w**2 - 117 + 121 + 8*w**2 - 2*w**3. Let c be x(-4). Let j = 10 + -2. What is the highest common factor of j and c?
4
Let v be -2*4/(32/(-996)). Suppose 47 = p + 2*g - v, 4*g + 1550 = 5*p. Suppose 4*y - 204 = -2*y. What is the highest common divisor of p and y?
34
Suppose 729 = 162*g - 405. Suppose -339 = -2*x + 347. What is the highest common divisor of x and g?
7
Suppose -r = 3*g + 28, -70 = -14*r + 17*r + 2*g. Let j be -1 + (-7 - r) - 0/(-2). Calculate the highest common factor of j and 266.
14
Let n be (-62)/(-527) + 16500/204. What is the greatest common divisor of 2826 and n?
9
Let p be 10*-2*(-2)/8. Let q(u) = 113*u - 19. Let v be q(-1). Let x = 134 + v. What is the greatest common factor of p and x?
1
Let w be 5/(-10) - (-50)/4. Suppose -97*m = 103*m - 184*m - 1536. Calculate the highest common divisor of w and m.
12
Suppose 1052 = 16*k + 32*k - 436. Calculate the greatest common factor of k and 13113.
31
Let a = 1487 - 1032. What is the greatest common divisor of a and 2405?
65
Let t be (-12104)/(-20) + (-6)/(40 + -10). What is the highest common factor of 165 and t?
55
Suppose -7*o + 9*o - d - 710 = 0, -311 = -o - 5*d. Calculate the greatest common divisor of o and 1809.
27
Suppose -x - 286 = 212*o - 213*o, -5*o - x = -1442. Calculate the highest common factor of 171 and o.
9
Let p be -84*(-2 + (-35)/(-28)). What is the highest common divisor of p and 357?
21
Let b(s) = -s**2 - 16*s + 12. Let v = 9 + -25. Let q be b(v). Let p(g) = 3*g**2 + 4*g + 1. Let u be p(5). What is the greatest common factor of u and q?
12
Suppose 2*i - 3*y = -119, -3*y - 185 = 4*i + 80. Let w be (-9)/3 - -3 - i. Suppose 2*l - w = -2*l. What is the greatest common divisor of l and 176?
16
Let x = -10614 + 11127. Calculate the highest common factor of x and 81.
27
Let b(f) = -f**3 + 23*f**2 + 4*f - 41. Let p be b(23). Let u = p - 43. Let c = 20 - u. Calculate the greatest common divisor of 8 and c.
4
Let f(h) = -h**3 - 12*h**2 - h - 10. Let n be f(-12). Suppose -n*k - 1 = 11. Let x be (272/12)/(k/(-9)). Calculate the highest common divisor of 17 and x.
17
Suppose 4*k - 1246 = -2*y, -3*y - 1586 = -5*k - 56. Let s = k + -159. Calculate the greatest common divisor of s and 20.
10
Suppose -p = -8*p - 2*h + 54667, -5*h = -3*p + 23376. What is the highest common divisor of 633 and p?
211
Suppose -16 = -4*u + 4*f, 2*u - f + 0 - 9 = 0. Suppose 3*w + u*w - 168 = 0. Calculate the highest common divisor of w and 14.
7
Suppose -f - 67 = 107. Let p = 184 + f. Calculate the greatest common factor of 12 and p.
2
Suppose 5*q + 52 - 211 = 3*a, 0 = -q - 5*a + 15. Let t be -6 + q/5 + 3. Calculate the highest common divisor of 159 and t.
3
Suppose 35*b + 908 = 33*b. Let g = -355 - b. Calculate the greatest common divisor of g and 18.
9
Suppose 0 = 8*c + 43*c - 612. Let w(v) = -4*v**3 - v - 1. Let p be w(-1). Calculate the greatest common divisor of p and c.
4
Suppose -2*b + 11 + 9 = 5*t, b + t = 7. Suppose 2*i - 764 = b*l + 255, -i = -2*l - 509. What is the highest common divisor of 13 and i?
13
Suppose 74*z - 31900 = 70*z - 7*j, j - 23891 = -3*z. Calculate the greatest common factor of 38 and z.
19
Let p(y) = 0*y - 4*y + 16 - 3 - 3. Let z(g) = 3*g**3 - 1. Let a be z(1). Let c be p(a). What is the greatest common divisor of c and 2?
2
Suppose 229*q = 231*q - 122. Suppose -i + 32 = -3*h, 3*i - 5*h + 3*h = q. Calculate the greatest common divisor of 408 and i.
17
Let w(k) = 18*k - k**2 - 9 - 12 + 1 + 1. Suppose -34 = -2*l - 2. Let y be w(l). What is the highest common divisor of y and 26?
13
Let s = 437 + -295. Let b be (1 - (-1)/8*-10)*-8. What is the greatest common factor of b and s?
2
Let b = -355 - -355. Suppose -4*o = -n - b*o + 43, 4*n - 223 = -o. What is the greatest common divisor of n and 11?
11
Let j(k) = k**3 - 19*k**2 + 15*k + 74. Let s be 24/(-4) + 29 - 5. Let i be j(s). Calculate the highest common divisor of i and 28.
4
Let x(r) = 3264*r**3 + 18*r**2 - 17*r - 1. Let t be x(1). What is the greatest common divisor of 51 and t?
51
Let z be ((-30)/18 + 4)*(-30)/(-35). Suppose 5*u = -w + 78, -z*u - w = 11 - 44. What is the highest common divisor of 405 and u?
15
Let r = 119 - 117. Suppose -5*b - r*x = -58, -b + x = -x - 14. What is the highest common divisor of b and 30?
6
Let w = -20 + 30. Suppose w*n - 360 = 240. Calculate the greatest common factor of n and 15.
15
Let u = -285 - -376. Let m be (-3)/(-12) + u/4. What is the greatest common divisor of 46 and m?
23
Suppose -3732 + 948 = 29*z. Let a = 120 + z. What is the highest common factor of 216 and a?
24
Let k(g) = 9*g - 11. Let j be k(9). Let s = 135 - -204. Suppose -s = -7*m - 94. Calculate the greatest common divisor of m and j.
35
Let d be (116/145)/(2/5). Suppose -d*l = -332 + 284. What is the highest common factor of l and 12?
12
Suppose 0 = 53*m + 46*m - 106*m + 1288. Calculate the highest common factor of 161 and m.
23
Let k be (-4)/12*(-36 - 3). Suppose -5*l - k = -63. What is the greatest common divisor of l and 5?
5
Suppose 0 = -3*p + 4*r + 577, -2*p - 3*p - 4*r + 983 = 0. Suppose 5 = 4*z - p. Suppose -3*x - 2*x = -z. What is the greatest common factor of 50 and x?
10
Let o(i) = -8*i**3 + 3*i**2 - 1. Suppose 0 = -5*z + 15*z - 40. Let t be o(z). Let q = -169 - t. What is the highest common divisor of q and 37?
37
Suppose 8*n - 51 + 11 = 0. Let r be (n + 0 + -3)*10 + 4. Calculate the greatest common factor of 18 and r.
6
Let x(u) = u**3 + 44*u**2 - 25*u - 104. Let b be x(-44). What is the highest common divisor of b and 120?
12
Let c = -33 + 54. Suppose 0 = -7*p - 10*p + 51. Let u be 1/(p*4/(-336)*-4). What is the highest common factor of u and c?
7
Let z(g) = 28*g - 651. Let k be z(51). Calculate the greatest common factor of 42 and k.
21
Suppose 856259 = 77*r + 27*r - 855997. Calculate the highest common factor of r and 147.
147
Let r(w) = 4*w**3 - 31*w**2 + 17*w + 37. Let n be r(7). Calculate the greatest common divisor of n and 363.
3
Let u = -314 + 316. Let w be 5 - ((5 - u) + -5). What is the highest common divisor of 3 and w?
1
Suppose 4*d - 112 + 500 = 0. Let q = -90 - d. Suppose o - 152 = -q*o. Calculate the greatest common factor of 57 and o.
19
Suppose -739*r - 42 = -732*r. Let s be -4*(-3)/(-18)*2*r. What is the greatest common divisor of s and 44?
4
Let l(g) = 46 + 39 + 44 - 139 + 6*g. Let f = -12 - -17. Let x be l(f). Calculate the greatest common divisor of 80 and x.
20
Suppose 4 = -v - v, -4*v - 16 = -4*x. Let p = 3 - x. Suppose 3*u - 3*h - 1 = 2, 5*u - 3*h = 5. What is the highest common divisor of p and u?
1
Suppose -3*j = -2*k - k + 3, 2*k = j. Let u be (4 - (k + 9)) + 10. Let t = 42 + -36. Calculate the greatest common factor of t and u.
6
Let b(i) = -i**2 - 12*i + 23. Let u = -68 - -54. Let k be b(u). Let q(m) = -8*m + 6. Let l be q(k). What is the greatest common factor of l and 506?
46
Let l = -724 - -1768. What is the highest common factor of l and 609?
87
Let q(c) = -c**2 - 216*c + 2073. Let m be q(9). What is the highest common factor of 2088 and m?
24
Let w = 87 - 103. Let o be -2 + (-634)/(-18) - w/(-72). What is the highest common divisor of o and 22?
11
Let r = -5 - -9. Let u = -216 + 274. Suppose 0 = y + 3*f - 26, f = -2*y + 5*y - u. What is the highest common divisor of r and y?
4
Suppose 24 = -4*y - 21*r + 24*r, 0 = 3*y - 4*r + 11. Let i(l) = 5*l**2 + 17*l + 13. Let d be i(y). Calculate the highest common factor of 106 and d.
53
Let a = -80 - -140. Suppose 55 = 8*q - 17. Let x be (-303)/(-27) - -4 - 2/q. Calculate the highest common factor of x and a.
15
Let n(j) = -7*j - 6. Let s be n(-2). Suppose 4*y + 2*h = 416, -26*y + 30*y + h = 416. Calculate the highest common factor of s and y.
8
Suppose 4*a = 1 + 7. Let d = a - -19. Suppose 87 = 3*m - d. Calculate the highest common factor of m and 12.
12
Suppose -2*j + 6 = 2*c, 5*j + 50*c = 49*c + 15. Suppose 4*m + m = -j*d + 60, 5*m - 50 = -d. What is the greatest common factor of 207 and m?
9
Let t be 8/12 - (-208)/12. Let j = 44 + t. What is the highest common factor of j and 93?
31
Suppose -134 + 123 = 6*v - 851. Calculate the highest common factor of 1792 and v.
28
Let i(j) = -13*j + 1900. Let p be